{"id":203,"date":"2025-08-27T22:11:01","date_gmt":"2025-08-27T20:11:01","guid":{"rendered":"https:\/\/jackconsulting.net\/?page_id=203"},"modified":"2025-09-03T12:31:23","modified_gmt":"2025-09-03T10:31:23","slug":"nos-services","status":"publish","type":"page","link":"https:\/\/jackconsulting.net\/index.php\/nos-services\/","title":{"rendered":"NOS SERVICES"},"content":{"rendered":"\t\t<div data-elementor-type=\"wp-page\" data-elementor-id=\"203\" class=\"elementor elementor-203\" data-elementor-post-type=\"page\">\n\t\t\t\t<div class=\"elementor-element elementor-element-57a2c4b e-con-full e-flex e-con e-parent\" data-id=\"57a2c4b\" data-element_type=\"container\" data-settings=\"{&quot;background_background&quot;:&quot;classic&quot;}\">\n\t\t\t\t<div class=\"elementor-element elementor-element-4f784c5 animated-slow elementor-invisible elementor-widget elementor-widget-heading\" data-id=\"4f784c5\" data-element_type=\"widget\" data-settings=\"{&quot;_animation&quot;:&quot;slideInRight&quot;}\" data-widget_type=\"heading.default\">\n\t\t\t\t\t<h2 class=\"elementor-heading-title elementor-size-default\">Votre partenaire pour conqu\u00e9rir de nouveaux march\u00e9s.<\/h2>\t\t\t\t<\/div>\n\t\t\t\t<div class=\"elementor-element elementor-element-7aae40c animated-slow elementor-invisible elementor-widget elementor-widget-heading\" data-id=\"7aae40c\" data-element_type=\"widget\" data-settings=\"{&quot;_animation&quot;:&quot;fadeInDown&quot;}\" data-widget_type=\"heading.default\">\n\t\t\t\t\t<h2 class=\"elementor-heading-title elementor-size-default\">Nous transformons vos ambitions en opportunit\u00e9s r\u00e9elles<br \/> gr\u00e2ce \u00e0 notre expertise en commerce international.\n\n<\/h2>\t\t\t\t<\/div>\n\t\t\t\t<\/div>\n\t\t<div class=\"elementor-element elementor-element-c261d2e e-flex e-con-boxed e-con e-parent\" data-id=\"c261d2e\" data-element_type=\"container\">\n\t\t\t\t\t<div class=\"e-con-inner\">\n\t\t\t\t<div class=\"elementor-element elementor-element-fbabc83 elementor-widget elementor-widget-heading\" data-id=\"fbabc83\" data-element_type=\"widget\" data-widget_type=\"heading.default\">\n\t\t\t\t\t<h2 class=\"elementor-heading-title elementor-size-default\">NOS SERVICES<\/h2>\t\t\t\t<\/div>\n\t\t\t\t<div class=\"elementor-element elementor-element-d02d163 elementor-widget elementor-widget-text-editor\" data-id=\"d02d163\" data-element_type=\"widget\" data-widget_type=\"text-editor.default\">\n\t\t\t\t\t\t\t\t\t<p data-start=\"274\" data-end=\"577\">Chez\u00a0<strong data-start=\"279\" data-end=\"298\">JACK CONSULTING<\/strong>, nous croyons que chaque entreprise a le potentiel de conqu\u00e9rir de nouveaux horizons. Sp\u00e9cialis\u00e9s dans le\u00a0<strong data-start=\"405\" data-end=\"431\">commerce international<\/strong>, nous vous accompagnons \u00e0 chaque \u00e9tape pour d\u00e9velopper votre activit\u00e9, \u00e9largir votre r\u00e9seau et saisir les meilleures opportunit\u00e9s \u00e0 l\u2019\u00e9tranger.<br \/><span style=\"font-style: inherit; font-weight: inherit;\">Notre mission est simple :\u00a0<\/span><strong style=\"font-style: inherit;\" data-start=\"606\" data-end=\"647\">vous aider \u00e0 grandir, sans fronti\u00e8res<\/strong><span style=\"font-style: inherit; font-weight: inherit;\">.<\/span><\/p>\t\t\t\t\t\t\t\t<\/div>\n\t\t\t\t<div class=\"elementor-element elementor-element-87bf732 elementor-widget elementor-widget-heading\" data-id=\"87bf732\" data-element_type=\"widget\" data-widget_type=\"heading.default\">\n\t\t\t\t\t<h2 class=\"elementor-heading-title elementor-size-default\">NOS DOMAINES D'EXPERTISE<\/h2>\t\t\t\t<\/div>\n\t\t\t\t\t<\/div>\n\t\t\t\t<\/div>\n\t\t<div class=\"elementor-element elementor-element-227d164 e-flex e-con-boxed e-con e-parent\" data-id=\"227d164\" data-element_type=\"container\">\n\t\t\t\t\t<div class=\"e-con-inner\">\n\t\t<div class=\"elementor-element elementor-element-4ab4d63 e-con-full e-flex e-con e-child\" data-id=\"4ab4d63\" data-element_type=\"container\">\n\t\t\t\t<div class=\"elementor-element elementor-element-7be8820 elementor-cta--skin-classic elementor-animated-content elementor-bg-transform elementor-bg-transform-zoom-in elementor-widget elementor-widget-call-to-action\" data-id=\"7be8820\" data-element_type=\"widget\" data-widget_type=\"call-to-action.default\">\n\t\t\t\t\t\t\t<div class=\"elementor-cta\">\n\t\t\t\t\t<div class=\"elementor-cta__bg-wrapper\">\n\t\t\t\t<div class=\"elementor-cta__bg elementor-bg\" style=\"background-image: url(https:\/\/jackconsulting.net\/wp-content\/uploads\/2025\/08\/JACK03.jpg);\" role=\"img\" aria-label=\"JACK03\"><\/div>\n\t\t\t\t<div class=\"elementor-cta__bg-overlay\"><\/div>\n\t\t\t<\/div>\n\t\t\t\t\t\t\t<div class=\"elementor-cta__content\">\n\t\t\t\t\n\t\t\t\t\t\t\t\t\t<h2 class=\"elementor-cta__title elementor-cta__content-item elementor-content-item\">\n\t\t\t\t\t\tConseil en strat\u00e9gie internationale\t\t\t\t\t<\/h2>\n\t\t\t\t\n\t\t\t\t\t\t\t\t\t<div class=\"elementor-cta__description elementor-cta__content-item elementor-content-item\">\n\t\t\t\t\t\tNous analysons votre activit\u00e9, identifions les march\u00e9s porteurs et construisons une strat\u00e9gie sur mesure pour assurer votre succ\u00e8s \u00e0 l\u2019\u00e9tranger. Notre objectif : vous aider \u00e0 faire les bons choix, au bon moment.\t\t\t\t\t<\/div>\n\t\t\t\t\n\t\t\t\t\t\t\t<\/div>\n\t\t\t\t\t\t<\/div>\n\t\t\t\t\t\t<\/div>\n\t\t\t\t<\/div>\n\t\t<div class=\"elementor-element elementor-element-9ec4c7e e-con-full e-flex e-con e-child\" data-id=\"9ec4c7e\" data-element_type=\"container\">\n\t\t\t\t<div class=\"elementor-element elementor-element-d520a48 elementor-cta--skin-classic elementor-animated-content elementor-bg-transform elementor-bg-transform-zoom-in elementor-widget elementor-widget-call-to-action\" data-id=\"d520a48\" data-element_type=\"widget\" data-widget_type=\"call-to-action.default\">\n\t\t\t\t\t\t\t<div class=\"elementor-cta\">\n\t\t\t\t\t<div class=\"elementor-cta__bg-wrapper\">\n\t\t\t\t<div class=\"elementor-cta__bg elementor-bg\" style=\"background-image: url(https:\/\/jackconsulting.net\/wp-content\/uploads\/2025\/08\/JACK05.jpg);\" role=\"img\" aria-label=\"JACK05\"><\/div>\n\t\t\t\t<div class=\"elementor-cta__bg-overlay\"><\/div>\n\t\t\t<\/div>\n\t\t\t\t\t\t\t<div class=\"elementor-cta__content\">\n\t\t\t\t\n\t\t\t\t\t\t\t\t\t<h2 class=\"elementor-cta__title elementor-cta__content-item elementor-content-item\">\n\t\t\t\t\t\tGestion des op\u00e9rations d\u2019import-export\t\t\t\t\t<\/h2>\n\t\t\t\t\n\t\t\t\t\t\t\t\t\t<div class=\"elementor-cta__description elementor-cta__content-item elementor-content-item\">\n\t\t\t\t\t\tNous vous accompagnons dans la s\u00e9curisation et l\u2019optimisation de vos transactions internationales en vous connectant \u00e0 des partenaires fiables et en structurant vos \u00e9changes pour plus d\u2019efficacit\u00e9.\t\t\t\t\t<\/div>\n\t\t\t\t\n\t\t\t\t\t\t\t<\/div>\n\t\t\t\t\t\t<\/div>\n\t\t\t\t\t\t<\/div>\n\t\t\t\t<\/div>\n\t\t<div class=\"elementor-element elementor-element-3ed11dd e-con-full e-flex e-con e-child\" data-id=\"3ed11dd\" data-element_type=\"container\">\n\t\t\t\t<div class=\"elementor-element elementor-element-ed09aa6 elementor-cta--skin-classic elementor-animated-content elementor-bg-transform elementor-bg-transform-zoom-in elementor-widget elementor-widget-call-to-action\" data-id=\"ed09aa6\" data-element_type=\"widget\" data-widget_type=\"call-to-action.default\">\n\t\t\t\t\t\t\t<div class=\"elementor-cta\">\n\t\t\t\t\t<div class=\"elementor-cta__bg-wrapper\">\n\t\t\t\t<div class=\"elementor-cta__bg elementor-bg\" style=\"background-image: url(https:\/\/jackconsulting.net\/wp-content\/uploads\/2025\/08\/JACK06.jpg);\" role=\"img\" aria-label=\"JACK06\"><\/div>\n\t\t\t\t<div class=\"elementor-cta__bg-overlay\"><\/div>\n\t\t\t<\/div>\n\t\t\t\t\t\t\t<div class=\"elementor-cta__content\">\n\t\t\t\t\n\t\t\t\t\t\t\t\t\t<h2 class=\"elementor-cta__title elementor-cta__content-item elementor-content-item\">\n\t\t\t\t\t\tConformit\u00e9 et r\u00e9glementation\t\t\t\t\t<\/h2>\n\t\t\t\t\n\t\t\t\t\t\t\t\t\t<div class=\"elementor-cta__description elementor-cta__content-item elementor-content-item\">\n\t\t\t\t\t\tLe commerce international exige une parfaite ma\u00eetrise des normes locales et internationales. Nous vous guidons pour rester conformes et \u00e9viter les risques juridiques.\t\t\t\t\t<\/div>\n\t\t\t\t\n\t\t\t\t\t\t\t<\/div>\n\t\t\t\t\t\t<\/div>\n\t\t\t\t\t\t<\/div>\n\t\t\t\t<\/div>\n\t\t<div class=\"elementor-element elementor-element-189a737 e-con-full e-flex e-con e-child\" data-id=\"189a737\" data-element_type=\"container\">\n\t\t\t\t<div class=\"elementor-element elementor-element-92a808a elementor-cta--skin-classic elementor-animated-content elementor-bg-transform elementor-bg-transform-zoom-in elementor-widget elementor-widget-call-to-action\" data-id=\"92a808a\" data-element_type=\"widget\" data-widget_type=\"call-to-action.default\">\n\t\t\t\t\t\t\t<div class=\"elementor-cta\">\n\t\t\t\t\t<div class=\"elementor-cta__bg-wrapper\">\n\t\t\t\t<div class=\"elementor-cta__bg elementor-bg\" style=\"background-image: url(https:\/\/jackconsulting.net\/wp-content\/uploads\/2025\/08\/JACK04.jpg);\" role=\"img\" aria-label=\"JACK04\"><\/div>\n\t\t\t\t<div class=\"elementor-cta__bg-overlay\"><\/div>\n\t\t\t<\/div>\n\t\t\t\t\t\t\t<div class=\"elementor-cta__content\">\n\t\t\t\t\n\t\t\t\t\t\t\t\t\t<h2 class=\"elementor-cta__title elementor-cta__content-item elementor-content-item\">\n\t\t\t\t\t\tD\u00e9veloppement de partenariats\t\t\t\t\t<\/h2>\n\t\t\t\t\n\t\t\t\t\t\t\t\t\t<div class=\"elementor-cta__description elementor-cta__content-item elementor-content-item\">\n\t\t\t\t\t\tNous vous connectons aux bons acteurs : distributeurs, fournisseurs, clients potentiels\u2026 Gr\u00e2ce \u00e0 notre r\u00e9seau, nous ouvrons pour vous les portes de nouveaux march\u00e9s.\t\t\t\t\t<\/div>\n\t\t\t\t\n\t\t\t\t\t\t\t<\/div>\n\t\t\t\t\t\t<\/div>\n\t\t\t\t\t\t<\/div>\n\t\t\t\t<\/div>\n\t\t<div class=\"elementor-element elementor-element-85120d4 e-con-full e-flex e-con e-child\" data-id=\"85120d4\" data-element_type=\"container\">\n\t\t\t\t<div class=\"elementor-element elementor-element-fd2fb0c elementor-cta--skin-classic elementor-animated-content elementor-bg-transform elementor-bg-transform-zoom-in elementor-widget elementor-widget-call-to-action\" data-id=\"fd2fb0c\" data-element_type=\"widget\" data-widget_type=\"call-to-action.default\">\n\t\t\t\t\t\t\t<div class=\"elementor-cta\">\n\t\t\t\t\t<div class=\"elementor-cta__bg-wrapper\">\n\t\t\t\t<div class=\"elementor-cta__bg elementor-bg\" style=\"background-image: url(https:\/\/jackconsulting.net\/wp-content\/uploads\/2025\/08\/JACK07.jpg);\" role=\"img\" aria-label=\"JACK07\"><\/div>\n\t\t\t\t<div class=\"elementor-cta__bg-overlay\"><\/div>\n\t\t\t<\/div>\n\t\t\t\t\t\t\t<div class=\"elementor-cta__content\">\n\t\t\t\t\n\t\t\t\t\t\t\t\t\t<h2 class=\"elementor-cta__title elementor-cta__content-item elementor-content-item\">\n\t\t\t\t\t\tFormations sp\u00e9cialis\u00e9es\t\t\t\t\t<\/h2>\n\t\t\t\t\n\t\t\t\t\t\t\t\t\t<div class=\"elementor-cta__description elementor-cta__content-item elementor-content-item\">\n\t\t\t\t\t\tNous partageons notre savoir-faire \u00e0 travers des formations sur : Les pratiques du commerce international La n\u00e9gociation interculturelle et les proc\u00e9dures d\u2019import-export\t\t\t\t\t<\/div>\n\t\t\t\t\n\t\t\t\t\t\t\t<\/div>\n\t\t\t\t\t\t<\/div>\n\t\t\t\t\t\t<\/div>\n\t\t\t\t<\/div>\n\t\t<div class=\"elementor-element elementor-element-b8840c4 e-con-full e-flex e-con e-child\" data-id=\"b8840c4\" data-element_type=\"container\">\n\t\t\t\t<\/div>\n\t\t\t\t\t<\/div>\n\t\t\t\t<\/div>\n\t\t\t\t<\/div>\n\t\t","protected":false},"excerpt":{"rendered":"<p>Votre partenaire pour conqu\u00e9rir de nouveaux march\u00e9s. Nous transformons vos ambitions en opportunit\u00e9s r\u00e9elles gr\u00e2ce \u00e0 notre expertise en commerce [&hellip;]<\/p>\n","protected":false},"author":1,"featured_media":0,"parent":0,"menu_order":0,"comment_status":"closed","ping_status":"closed","template":"","meta":{"site-sidebar-layout":"no-sidebar","site-content-layout":"","ast-site-content-layout":"full-width-container","site-content-style":"default","site-sidebar-style":"default","ast-global-header-display":"","ast-banner-title-visibility":"","ast-main-header-display":"","ast-hfb-above-header-display":"","ast-hfb-below-header-display":"","ast-hfb-mobile-header-display":"","site-post-title":"disabled","ast-breadcrumbs-content":"","ast-featured-img":"disabled","footer-sml-layout":"","theme-transparent-header-meta":"","adv-header-id-meta":"","stick-header-meta":"","header-above-stick-meta":"","header-main-stick-meta":"","header-below-stick-meta":"","astra-migrate-meta-layouts":"default","ast-page-background-enabled":"default","ast-page-background-meta":{"desktop":{"background-color":"var(--ast-global-color-5)","background-image":"","background-repeat":"repeat","background-position":"center center","background-size":"auto","background-attachment":"scroll","background-type":"","background-media":"","overlay-type":"","overlay-color":"","overlay-opacity":"","overlay-gradient":""},"tablet":{"background-color":"","background-image":"","background-repeat":"repeat","background-position":"center center","background-size":"auto","background-attachment":"scroll","background-type":"","background-media":"","overlay-type":"","overlay-color":"","overlay-opacity":"","overlay-gradient":""},"mobile":{"background-color":"","background-image":"","background-repeat":"repeat","background-position":"center center","background-size":"auto","background-attachment":"scroll","background-type":"","background-media":"","overlay-type":"","overlay-color":"","overlay-opacity":"","overlay-gradient":""}},"ast-content-background-meta":{"desktop":{"background-color":"var(--ast-global-color-4)","background-image":"","background-repeat":"repeat","background-position":"center center","background-size":"auto","background-attachment":"scroll","background-type":"","background-media":"","overlay-type":"","overlay-color":"","overlay-opacity":"","overlay-gradient":""},"tablet":{"background-color":"var(--ast-global-color-4)","background-image":"","background-repeat":"repeat","background-position":"center center","background-size":"auto","background-attachment":"scroll","background-type":"","background-media":"","overlay-type":"","overlay-color":"","overlay-opacity":"","overlay-gradient":""},"mobile":{"background-color":"var(--ast-global-color-4)","background-image":"","background-repeat":"repeat","background-position":"center center","background-size":"auto","background-attachment":"scroll","background-type":"","background-media":"","overlay-type":"","overlay-color":"","overlay-opacity":"","overlay-gradient":""}},"footnotes":""},"class_list":["post-203","page","type-page","status-publish","hentry"],"yoast_head":"<!-- This site is optimized with the Yoast SEO plugin v25.8 - https:\/\/yoast.com\/wordpress\/plugins\/seo\/ -->\n<title>NOS SERVICES -<\/title>\n<meta name=\"robots\" content=\"index, follow, max-snippet:-1, max-image-preview:large, max-video-preview:-1\" \/>\n<link rel=\"canonical\" href=\"https:\/\/jackconsulting.net\/index.php\/nos-services\/\" \/>\n<meta property=\"og:locale\" content=\"fr_FR\" \/>\n<meta property=\"og:type\" content=\"article\" \/>\n<meta property=\"og:title\" content=\"NOS SERVICES -\" \/>\n<meta property=\"og:description\" content=\"Votre partenaire pour conqu\u00e9rir de nouveaux march\u00e9s. Nous transformons vos ambitions en opportunit\u00e9s r\u00e9elles gr\u00e2ce \u00e0 notre expertise en commerce [&hellip;]\" \/>\n<meta property=\"og:url\" content=\"https:\/\/jackconsulting.net\/index.php\/nos-services\/\" \/>\n<meta property=\"article:publisher\" content=\"https:\/\/www.facebook.com\/profile.php?id=100089504376191\" \/>\n<meta property=\"article:modified_time\" content=\"2025-09-03T10:31:23+00:00\" \/>\n<meta name=\"twitter:card\" content=\"summary_large_image\" \/>\n<meta name=\"twitter:label1\" content=\"Dur\u00e9e de lecture estim\u00e9e\" \/>\n\t<meta name=\"twitter:data1\" content=\"2 minutes\" \/>\n<script type=\"application\/ld+json\" class=\"yoast-schema-graph\">{\"@context\":\"https:\/\/schema.org\",\"@graph\":[{\"@type\":\"WebPage\",\"@id\":\"https:\/\/jackconsulting.net\/index.php\/nos-services\/\",\"url\":\"https:\/\/jackconsulting.net\/index.php\/nos-services\/\",\"name\":\"NOS SERVICES -\",\"isPartOf\":{\"@id\":\"https:\/\/jackconsulting.net\/#website\"},\"datePublished\":\"2025-08-27T20:11:01+00:00\",\"dateModified\":\"2025-09-03T10:31:23+00:00\",\"breadcrumb\":{\"@id\":\"https:\/\/jackconsulting.net\/index.php\/nos-services\/#breadcrumb\"},\"inLanguage\":\"fr-FR\",\"potentialAction\":[{\"@type\":\"ReadAction\",\"target\":[\"https:\/\/jackconsulting.net\/index.php\/nos-services\/\"]}]},{\"@type\":\"BreadcrumbList\",\"@id\":\"https:\/\/jackconsulting.net\/index.php\/nos-services\/#breadcrumb\",\"itemListElement\":[{\"@type\":\"ListItem\",\"position\":1,\"name\":\"Accueil\",\"item\":\"https:\/\/jackconsulting.net\/\"},{\"@type\":\"ListItem\",\"position\":2,\"name\":\"NOS SERVICES\"}]},{\"@type\":\"WebSite\",\"@id\":\"https:\/\/jackconsulting.net\/#website\",\"url\":\"https:\/\/jackconsulting.net\/\",\"name\":\"JACK CONSULTING\",\"description\":\"Votre partenaire de confiance en COMMERCE INTERNATIONAL\",\"publisher\":{\"@id\":\"https:\/\/jackconsulting.net\/#organization\"},\"potentialAction\":[{\"@type\":\"SearchAction\",\"target\":{\"@type\":\"EntryPoint\",\"urlTemplate\":\"https:\/\/jackconsulting.net\/?s={search_term_string}\"},\"query-input\":{\"@type\":\"PropertyValueSpecification\",\"valueRequired\":true,\"valueName\":\"search_term_string\"}}],\"inLanguage\":\"fr-FR\"},{\"@type\":\"Organization\",\"@id\":\"https:\/\/jackconsulting.net\/#organization\",\"name\":\"JACK CONSULTING\",\"url\":\"https:\/\/jackconsulting.net\/\",\"logo\":{\"@type\":\"ImageObject\",\"inLanguage\":\"fr-FR\",\"@id\":\"https:\/\/jackconsulting.net\/#\/schema\/logo\/image\/\",\"url\":\"https:\/\/jackconsulting.net\/wp-content\/uploads\/2025\/08\/LOGO-JACK-CONSULT.png\",\"contentUrl\":\"https:\/\/jackconsulting.net\/wp-content\/uploads\/2025\/08\/LOGO-JACK-CONSULT.png\",\"width\":500,\"height\":158,\"caption\":\"JACK CONSULTING\"},\"image\":{\"@id\":\"https:\/\/jackconsulting.net\/#\/schema\/logo\/image\/\"},\"sameAs\":[\"https:\/\/www.facebook.com\/profile.php?id=100089504376191\"]}]}<\/script>\n<!-- \/ Yoast SEO plugin. -->","yoast_head_json":{"title":"NOS SERVICES -","robots":{"index":"index","follow":"follow","max-snippet":"max-snippet:-1","max-image-preview":"max-image-preview:large","max-video-preview":"max-video-preview:-1"},"canonical":"https:\/\/jackconsulting.net\/index.php\/nos-services\/","og_locale":"fr_FR","og_type":"article","og_title":"NOS SERVICES -","og_description":"Votre partenaire pour conqu\u00e9rir de nouveaux march\u00e9s. Nous transformons vos ambitions en opportunit\u00e9s r\u00e9elles gr\u00e2ce \u00e0 notre expertise en commerce [&hellip;]","og_url":"https:\/\/jackconsulting.net\/index.php\/nos-services\/","article_publisher":"https:\/\/www.facebook.com\/profile.php?id=100089504376191","article_modified_time":"2025-09-03T10:31:23+00:00","twitter_card":"summary_large_image","twitter_misc":{"Dur\u00e9e de lecture estim\u00e9e":"2 minutes"},"schema":{"@context":"https:\/\/schema.org","@graph":[{"@type":"WebPage","@id":"https:\/\/jackconsulting.net\/index.php\/nos-services\/","url":"https:\/\/jackconsulting.net\/index.php\/nos-services\/","name":"NOS SERVICES -","isPartOf":{"@id":"https:\/\/jackconsulting.net\/#website"},"datePublished":"2025-08-27T20:11:01+00:00","dateModified":"2025-09-03T10:31:23+00:00","breadcrumb":{"@id":"https:\/\/jackconsulting.net\/index.php\/nos-services\/#breadcrumb"},"inLanguage":"fr-FR","potentialAction":[{"@type":"ReadAction","target":["https:\/\/jackconsulting.net\/index.php\/nos-services\/"]}]},{"@type":"BreadcrumbList","@id":"https:\/\/jackconsulting.net\/index.php\/nos-services\/#breadcrumb","itemListElement":[{"@type":"ListItem","position":1,"name":"Accueil","item":"https:\/\/jackconsulting.net\/"},{"@type":"ListItem","position":2,"name":"NOS SERVICES"}]},{"@type":"WebSite","@id":"https:\/\/jackconsulting.net\/#website","url":"https:\/\/jackconsulting.net\/","name":"JACK CONSULTING","description":"Votre partenaire de confiance en COMMERCE INTERNATIONAL","publisher":{"@id":"https:\/\/jackconsulting.net\/#organization"},"potentialAction":[{"@type":"SearchAction","target":{"@type":"EntryPoint","urlTemplate":"https:\/\/jackconsulting.net\/?s={search_term_string}"},"query-input":{"@type":"PropertyValueSpecification","valueRequired":true,"valueName":"search_term_string"}}],"inLanguage":"fr-FR"},{"@type":"Organization","@id":"https:\/\/jackconsulting.net\/#organization","name":"JACK CONSULTING","url":"https:\/\/jackconsulting.net\/","logo":{"@type":"ImageObject","inLanguage":"fr-FR","@id":"https:\/\/jackconsulting.net\/#\/schema\/logo\/image\/","url":"https:\/\/jackconsulting.net\/wp-content\/uploads\/2025\/08\/LOGO-JACK-CONSULT.png","contentUrl":"https:\/\/jackconsulting.net\/wp-content\/uploads\/2025\/08\/LOGO-JACK-CONSULT.png","width":500,"height":158,"caption":"JACK CONSULTING"},"image":{"@id":"https:\/\/jackconsulting.net\/#\/schema\/logo\/image\/"},"sameAs":["https:\/\/www.facebook.com\/profile.php?id=100089504376191"]}]}},"_links":{"self":[{"href":"https:\/\/jackconsulting.net\/index.php\/wp-json\/wp\/v2\/pages\/203","targetHints":{"allow":["GET"]}}],"collection":[{"href":"https:\/\/jackconsulting.net\/index.php\/wp-json\/wp\/v2\/pages"}],"about":[{"href":"https:\/\/jackconsulting.net\/index.php\/wp-json\/wp\/v2\/types\/page"}],"author":[{"embeddable":true,"href":"https:\/\/jackconsulting.net\/index.php\/wp-json\/wp\/v2\/users\/1"}],"replies":[{"embeddable":true,"href":"https:\/\/jackconsulting.net\/index.php\/wp-json\/wp\/v2\/comments?post=203"}],"version-history":[{"count":76,"href":"https:\/\/jackconsulting.net\/index.php\/wp-json\/wp\/v2\/pages\/203\/revisions"}],"predecessor-version":[{"id":415,"href":"https:\/\/jackconsulting.net\/index.php\/wp-json\/wp\/v2\/pages\/203\/revisions\/415"}],"wp:attachment":[{"href":"https:\/\/jackconsulting.net\/index.php\/wp-json\/wp\/v2\/media?parent=203"}],"curies":[{"name":"wp","href":"https:\/\/api.w.org\/{rel}","templated":true}]}}